inder when 17 is divided by i(4)?
2
Suppose 2*z = -k + 418, -3*z - 3*k - 747 + 1365 = 0. Calculate the remainder when 855 is divided by z.
7
Let q = -4437 - -4442. Calculate the remainder when 257 is divided by q.
2
Suppose 26 = 10*j + 12 - 206. What is the remainder when 1617 is divided by j?
11
Suppose 0 = u - 17 + 17. Suppose 3*v - 2*l - 410 = 0, u*v + 3*l - 256 = -2*v. What is the remainder when v is divided by 70?
64
Suppose 0 = 2*p - 483 - 443. Let j = p + -432. Calculate the remainder when j is divided by 17.
14
Let h(p) = 32*p + 22. Let i be h(10). Suppose -23*g + 4*g + i = 0. What is the remainder when 84 is divided by g?
12
Let w(g) = -3*g + 24. Suppose -v - 8 = 3*y, -3*v - 167 + 151 = y. Calculate the remainder when 349 is divided by w(v).
37
Let q = 91 + -132. Suppose 40 = -2*g - 3*i - 41, 48 = -g - 4*i. Let a = g - q. What is the remainder when 9 is divided by a?
4
What is the remainder when (-4)/(-22) + (-3012)/(-11) + 21 + -20 is divided by 55?
0
Suppose 46*q - q = -3*q + 7296. Calculate the remainder when 473 is divided by q.
17
Suppose 4*f - 6*z - 297 = -z, -12 = -4*z. Let j be 130/f*((-18)/5)/(-1). Suppose -2 - 4 = -j*s. Calculate the remainder when 2 is divided by s.
0
Suppose -62 - 142 = 2*n. Suppose 4*y + 0 = -20, 2*t + 5*y = 3. What is the remainder when (-6)/(-4) + n/(-4) is divided by t?
13
Let l = -789 - -798. Let p = 320 - 215. Suppose i = p - 36. What is the remainder when i is divided by l?
6
Suppose -871 = -14*y + 669. Calculate the remainder when 562 is divided by y.
12
Let l = -323 + 400. Let b(k) = -6*k - 38. Calculate the remainder when l is divided by b(-11).
21
Let c be (-10 - -24)*(-12)/(-7). Suppose 0 = 2*b - 4*b + c. Suppose r - 80 = -3*r. What is the remainder when r is divided by b?
8
Let l(h) = 815*h**2 - 686*h + 684. What is the remainder when l(1) is divided by 13?
7
Let j(t) = t + 311. Let q be (-89 - -84)/((-1)/(-2)). What is the remainder when j(0) is divided by (-2 - -1) + 59 + 4 + q?
51
Suppose -o - 2*o = -129. Let c(y) = -3*y**3 - 8*y**2 + 5*y + 10. Calculate the remainder when o is divided by c(-3).
3
Suppose -7*n + 12*n + k = 4, 0 = -n - k + 4. Suppose -2*s + 2*m + 41 = 7, n = -2*s + 5*m + 49. What is the remainder when s is divided by 4?
0
Let l be 4 + -3 - (7 - 3). What is the remainder when (-1956)/(-54) + 6/(-27) is divided by (19/(-5))/(l/15)?
17
Suppose 106*j = 125*j - 3458. What is the remainder when 810 is divided by j?
82
Let r = -910 - -924. Suppose -3*b + 5*z = -31, -3*b - 15 = 3*z - 6. Suppose b*o + 3*o - 270 = 0. Calculate the remainder when o is divided by r.
12
Suppose -3*b + c + 528 = 137, -b - 5*c = -173. What is the remainder when 139 is divided by b?
6
What is the remainder when -18 + 160/16 - -870 is divided by 11?
4
Let l = -246 + 252. Suppose -8*g + 129 = -l*g + 3*d, 2*g = 5*d + 105. What is the remainder when 116 is divided by g?
56
Let r = -3397 + 4517. What is the remainder when r is divided by 19?
18
Let w(v) = 4*v - 40. Suppose 41 = 4*f - 19. Calculate the remainder when 38*3/2 + 0 is divided by w(f).
17
Let i be (-284)/(-10) - ((-184)/40 + 5). Let u be 8/6*3/2. Suppose 5*x = -u*x + i. What is the remainder when 15 is divided by x?
3
Let a = 9292 - 9235. Let u(x) = x - 2. Let g be u(2). Suppose r + r - 24 = g. Calculate the remainder when a is divided by r.
9
What is the remainder when (3 - 9 - 1000)/(3 - 5) is divided by 19?
9
Suppose -673 = -3*w + 4*i, -4*w + 899 = -5*i - 0*i. What is the remainder when w is divided by (7 - (-7 + 6 + -39)) + 0?
43
Let d = -365 + 198. Let w = 10 - d. What is the remainder when w is divided by 36?
33
Suppose 3*q + 57 = -g + 7, 0 = -4*g + 3*q - 200. Let w = g - -72. Let n = -19 + w. What is the remainder when n is divided by 1?
0
Suppose u + 11*x - 6*x - 46 = 0, -u - 26 = -4*x. What is the remainder when 58 is divided by u?
4
Let f = 18253 - 18196. What is the remainder when 521 is divided by f?
8
Suppose 3*v = 5*g - 4, 0*v = -5*v + 5*g. What is the remainder when 152 is divided by (10 - v)/((-25)/(-10) + -2)?
8
Suppose 21*f - 104 = 25*f. Let o = -17 - f. Suppose -11*h + 10*h = -o. Calculate the remainder when h is divided by 5.
4
Let a(u) = -36*u + 17 + 8*u + 0*u**3 + 12*u + 9*u**2 - u**3. Calculate the remainder when 111 is divided by a(6).
24
Let s = -60 - -84. What is the remainder when 403 is divided by 23 - (-4 + s)/(-5)?
25
Let z(r) = -10*r - 415. Calculate the remainder when z(-58) is divided by 152.
13
Suppose -u + 2*j + 141 = 0, -4*u - 684 = -9*u + 3*j. Suppose 0*t = -z - 5*t + u, -z = -5*t - 95. Calculate the remainder when z is divided by 30.
25
Let r = 80 + -83. Let h be (-1)/r*(2 - 1)*276. Suppose 3*c = h - 53. Calculate the remainder when c is divided by 6.
1
Let h be 3638 - (-9 + (3 - -3)). Calculate the remainder when (1 - -1)/(22/h) is divided by 56.
51
Suppose -t + 24 + 14 = 5*x, 6*x = 4*x. Calculate the remainder when 4217 is divided by t.
37
Let u(f) = 15*f**2 - 174*f + 140. What is the remainder when u(11) is divided by 11?
8
Let n be (20 + 3 + -3)/2. Let t = n + -4. Calculate the remainder when 30120/1260 + 2/21 - 2 is divided by t.
4
Suppose -3*j = 4*y - 84 - 166, 5*y - j - 303 = 0. Calculate the remainder when 729 is divided by y.
58
Let o = -17241 + 17700. What is the remainder when o is divided by 234?
225
Let z = 2544 - 2525. Let w = -39 + 55. What is the remainder when z is divided by w?
3
Let b(n) = n**3 + 29*n**2 + 54*n + 2. Let s be b(-27). Let i = 14 + s. What is the remainder when 109 is divided by i?
13
Let u(a) = -77*a - 685. Calculate the remainder when u(-11) is divided by 64.
34
Suppose 212*t + 630 = 222*t. What is the remainder when t is divided by (-36)/(-8)*(0 + 2 - -2)?
9
Suppose 120*v - 119*v - 1528 = 4*s, -1568 = -v - 4*s. What is the remainder when v is divided by 25?
23
Let n = 1692 + -1613. Calculate the remainder when 391 is divided by n.
75
Let l = -774 - -777. Suppose 2*g - 15 = -3*g. Suppose -70 = -2*y - g*y. Calculate the remainder when y is divided by l.
2
Let x(w) = -18*w + 844. What is the remainder when 449 is divided by x(35)?
21
Let n = 2 + -2. Suppose 3*v = -4*j + 33, 4*j = -n*v - v + 43. What is the remainder when (-7)/((-140)/240) + (-18 - -173) is divided by j?
11
Suppose 291*v + 8 = 295*v, 2*v = -q + 1311. Calculate the remainder when q is divided by 10.
7
Let h(s) = -284*s + 29331. Let c(d) = -d**2 - 8*d - 9. Let r be c(-7). What is the remainder when h(103) is divided by 0 - (r - -42)*-1?
39
Let g = 1 + 40. Suppose 2*l = 4935*b - 4937*b + 430, 5*b + 4*l - 1063 = 0. Calculate the remainder when b is divided by g.
39
Suppose -5895 = -47*p - 114. Calculate the remainder when 877 is divided by p.
16
Suppose -1709 = 10*z - 21339. Suppose 37*n - z = 24*n. Calculate the remainder when n is divided by 12.
7
Let p = -22 - -84. Let d(g) = g - 49. Let v be d(-6). Let m = v + p. Calculate the remainder when 19 is divided by m.
5
Suppose 73 + 495 = 2*b. Suppose -x = -3*i - 23, 10*i - 12*i = -12. Calculate the remainder when b is divided by x.
38
Suppose 0 = 5*o + 114 - 464. Suppose 2*z = 3*i - 34, 3*z - z = -4*i + 36. Suppose 6 + 174 = i*h. Calculate the remainder when o is divided by h.
16
Suppose u + 5*q - 7 = -5, 5*u + q = 10. Suppose 0 = 11*o - u*o - 891. Let y = -90 + o. What is the remainder when y is divided by 6?
3
Let z(y) = -4*y**2 - 27*y - 44. Let m be z(-10). Let h = -157 - m. What is the remainder when 231 is divided by h?
10
Let v = -13144 + 13295. Suppose -2*p - 38 = -3*p. Calculate the remainder when v is divided by p.
37
Suppose 2*u - 343 = -5*c + 2*c, 5*u - 565 = -5*c. Calculate the remainder when 154 is divided by c.
37
Let v(j) = -8*j - 31. Calculate the remainder when (13 - 439)*1/3*-1 is divided by v(-8).
10
Let w = 3684 + -1650. What is the remainder when w is divided by 7?
4
Suppose 5*w - 72*j - 843 = -68*j, -3*w - 4*j = -461. Calculate the remainder when w is divided by 59.
45
Let a(v) = v**3 - 18*v**2 + 29*v - 19. What is the remainder when a(18) is divided by 12?
11
Suppose -18*y = -2694 + 768. Calculate the remainder when y is divided by 5.
2
Suppose 103*b - 1072639 = -168917. What is the remainder when b is divided by 133?
129
Suppose 0 = -3*c + 17*m - 15*m + 694, -2*c + 2*m = -464. Calculate the remainder when c is divided by 49.
34
Suppose 5*a - 2